t is the units digit of 21/(-7) - (-1 + d)?
1
Suppose 24 = 4*a - 4*s, -a + 6 = 27*s - 26*s. Suppose -6174 = -a*b + 2142. What is the tens digit of b?
8
Let y = -49219 - -71091. What is the thousands digit of y?
1
Let g(q) = -q**3 + 53*q**2 + 69*q + 170. Let s be g(54). Suppose 0 = 10*d + s - 8570. What is the units digit of d?
9
Let n(z) = 3*z**2 + 9*z - 14. Let d be n(2). What is the hundreds digit of (d/(-6))/((-45)/5940)?
3
Let i(g) be the third derivative of g**5/6 - 11*g**4/12 - 4*g**3/3 + 34*g**2. What is the tens digit of i(7)?
2
Let p(s) be the third derivative of -s**6/24 + s**5/60 + s**4/12 - s**3/6 + 6*s**2. Let g be p(1). What is the tens digit of ((-192)/(-30))/(g/(-30))?
6
Suppose 6*g + 4*g = 3730. Let f = g - 178. What is the hundreds digit of f?
1
Let u = -33511 + 57722. What is the hundreds digit of u?
2
Let l = -179 - -50. What is the tens digit of (6/(2 + 0))/(l/(-58007))?
4
Suppose 11*g - 11484 - 68279 = 64502. What is the tens digit of g?
1
Suppose 5*d = 4*d + 4*j + 7661, 4*d - j = 30599. What is the thousands digit of d?
7
Let d(h) = h**3 - 25*h**2 - 141*h - 34. What is the ten thousands digit of d(54)?
7
Let i be ((-6)/1)/((2 + 3)/(-1920)). Suppose -2*j + 10*j + i = 0. What is the tens digit of ((-2)/2)/(-2 - 572/j)?
7
Suppose 8*i - 5*q = 6*i + 19931, -2*i = 4*q - 19922. Suppose -16*f + 7125 = -i. What is the thousands digit of f?
1
Suppose -52*y - 104028 = -58*y. Suppose 22*q + 244 = y. What is the hundreds digit of q?
7
Suppose 15 - 3 = 4*p. Suppose 84 = -f + p*f. Suppose -2 = -4*y + f. What is the units digit of y?
1
Suppose -21*w - 11940 = -72021. Let f = -1755 + w. What is the units digit of f?
6
Suppose 5*d + 50 = 185. Suppose -r = -3, -k - 4*r + d = 4*k. Suppose -3*n + 325 = k*t + n, -2*t + 4*n + 210 = 0. What is the units digit of t?
7
Let m(f) = f**3 + 4*f**2 - f + 3. Let o be m(0). Suppose 432 = o*j + 396. What is the units digit of j?
2
Suppose -19*x = -17*x + 2. Let u be (x + 3 - 6) + 26. Suppose u = k - 229. What is the hundreds digit of k?
2
What is the tens digit of (-60658)/(-12) - (23 - (-2641)/(-114))?
5
Suppose 0 = 4*w - 4*h - 176321 - 172455, 3*h = -4*w + 348755. What is the tens digit of w?
9
Let b(t) = 986*t**2 + 110*t + 341. What is the thousands digit of b(-3)?
8
Let n = -49 + 49. Let v(c) = -c**2 - 3*c + 5. Let t be v(n). Let x(m) = m**2 - 1. What is the tens digit of x(t)?
2
Let w(f) = 74*f + 50. Let q(h) = -25*h - 16. Let j(t) = 8*q(t) + 3*w(t). What is the units digit of j(4)?
0
Suppose -212 = 2*i + 72. Let f(p) = -p**2 + 40*p + 1423. Let u be f(-26). Let z = i - u. What is the tens digit of z?
5
Suppose 0 = 5*z - 3*n - 91154, -435*n - 54698 = -3*z - 434*n. What is the tens digit of z?
3
Suppose 16*r - 223794 = 950746 - 179052. What is the units digit of r?
8
Let b = 7144 + 9313. What is the ten thousands digit of b?
1
What is the tens digit of ((-30)/(-24) - 2)*(-2343516)/63?
9
What is the hundreds digit of (26165/2)/((-300)/(-120))?
2
Let y be ((-1393)/28)/(3/(-36)). Let i(l) = -y*l + 3 + 595*l + 43. What is the units digit of i(22)?
2
Suppose -66628 = 99*k - 80*k - 192503. What is the thousands digit of k?
6
Let a(g) = g**2 + 11*g + 10. Let o(z) = -9*z - 17. Let s(w) = w - 1. Let p(r) = -o(r) - 4*s(r). Let j be p(-3). What is the tens digit of a(j)?
1
Suppose -72*p + 99*p - 88263 = 0. What is the thousands digit of p?
3
What is the units digit of 3/(-2)*(-30)/(-45)*(6 + -8801)?
5
What is the hundreds digit of (-39506 + 40)*5/(-10)?
7
Suppose 9*x - 2400 = 3*x. Suppose 8*d - x = -0*d. What is the tens digit of ((-20)/d)/(2/(-370))?
7
Suppose 2*x = 11*x + 16371. Let o = x + 719. What is the hundreds digit of 8/(-5)*o/8?
2
Suppose 8*w = 274 - 90. Let y(s) = s**3 - 23*s**2 + 6*s + 86. What is the tens digit of y(w)?
2
Suppose 12*n - 2*n = -32*n + 794598. What is the thousands digit of n?
8
Suppose 2*l + 5 = -5*v + 4*v, -3*l - 20 = 4*v. Suppose l = 3*k + 2*y - 1685 - 233, 10 = 5*y. What is the units digit of k?
8
Suppose 86538 + 129090 = 47*a + 21*a. What is the tens digit of a?
7
Suppose 25*v - 17*v = 0. Suppose -5*k + v*k = -25, 4*y - 3691 = 5*k. What is the tens digit of y?
2
Suppose 36*q + 89506 = 450370. What is the thousands digit of q?
0
Let k(p) be the third derivative of 15*p**4/4 + 2*p**3 + 5*p**2. Let o be k(6). Suppose o = 4*w - 5*n, -3*n = -5*w - n + 673. What is the hundreds digit of w?
1
Let q be -2 + (-3)/(9/111). Let c = -37 - q. What is the units digit of (-4)/(-6) + 386/12*c?
5
Let o = 26 - 22. Suppose f + 5*d = 66, 5*f - 2*d = -o*d + 307. Let u = f - 24. What is the units digit of u?
7
Suppose 0 = -1249*a + 1248*a. What is the units digit of 3 + a - 4/(4/(-585))?
8
What is the units digit of 12016 + ((-10)/200*-30)/((-2)/(-4))?
9
Suppose -96*i + 46088 = -124*i. Let j = 3304 + i. What is the units digit of j?
8
Suppose -26 = -17*s + 15*s. Let i(t) = -9*t**2 + 1 - 7*t**3 + s + 4*t + 6*t**2. What is the tens digit of i(-3)?
6
Suppose 28 - 143 = 5*k - p, 0 = -3*p - 15. Let i be (-108)/k + (-1)/2. Suppose 0 = -i*a + 16, 0 = 3*n - n + 5*a - 140. What is the tens digit of n?
6
Let i = -25658 + 36065. What is the tens digit of i/39 - (-4)/26?
6
Let n(y) = 11 - 3 + 0 + 30*y. Let h(i) = i - 3. Let d be h(5). What is the tens digit of n(d)?
6
Let i(g) = -2*g**2 + 2*g - 4720. Let y be i(0). What is the hundreds digit of 1/((-8)/y) - 2?
5
What is the thousands digit of 8 - (1/2 + 1619280/(-96))?
6
Let v(h) = 38*h**2 - 106*h + 1727. What is the tens digit of v(16)?
5
Let b(x) = -2*x**2 + 150*x + 593. What is the tens digit of b(78)?
2
Let c(d) = -3*d**3 + d**2 - 3*d - 1. Let y be c(3). Suppose 5*g = -5*o - 15, -4*g - 8 = -4*o + 4. What is the units digit of 4*(0 - g/((-24)/y))?
1
Let c = 6243 - 3199. Suppose 4*w + 0*w = 3*a - 2290, -3*w = -4*a + c. What is the units digit of a?
8
Let h(s) = s**3 + 16*s**2 - 34*s - 20. Let y be h(-17). Suppose -w + y = 4*x, -2*w + 335 = x - 182. What is the hundreds digit of w?
2
Let n(a) = 592*a - 3. Let c(h) = h**2 - 26*h - 25. Let y be c(27). What is the tens digit of n(y)?
8
Let q = 36 - 81. Let n = q - -46. What is the units digit of 5 + (-1)/n + 77?
1
Suppose 27*x = -111*x - 13*x + 1555753. What is the tens digit of x?
0
What is the thousands digit of 434784/7*6/(-48)*-6?
6
Let x be (-8)/(-32)*12*(-1 - -2). What is the tens digit of (-10 - -4) + 2 + 2703/x?
9
Let c(v) = 2108*v + 7547. What is the ten thousands digit of c(5)?
1
Let k(j) = -j**3 - 9*j**2 - 20*j - 32. Let u be k(-7). Suppose 27*i = 3*m + 31*i - 1433, 0 = -2*i + u. What is the hundreds digit of m?
4
Let o be (-64)/10*180/(-24). Let r = -40 + o. What is the units digit of -9*(-13 - r/(-2))?
1
Let d(p) = 160*p**2 - 43*p - 329. What is the thousands digit of d(-17)?
6
Let q = -100 + 104. Suppose -3*l = 6, -q*l + 59 = 3*a - 122. Suppose -6*b + a = -33. What is the units digit of b?
6
Suppose 3*p + 5*n = -4173 + 45654, 5*p - 2*n - 69073 = 0. What is the thousands digit of p?
3
Let r = -8079 - -31833. What is the tens digit of r?
5
Suppose 0 = 57*x - 56*x + 22. Let n = x - -33. Let q = 48 - n. What is the tens digit of q?
3
Suppose 478*p + 38*p = 35993580. What is the thousands digit of p?
9
Let m(o) = 10*o**2 + 78*o - 444. What is the thousands digit of m(-67)?
9
Let z(w) = -w**3 + 33*w**2 - 35*w - 65. Let o be z(31). Let u = -253 + o. What is the hundreds digit of u?
5
Let z(f) = 16*f + 55. Let x(j) = 30*j**2 - 7*j + 2. Let d be x(-2). Let m = d + -129. What is the tens digit of z(m)?
6
Let o = 6200 + 6016. What is the tens digit of o?
1
Suppose 4*n + 4*y - 55728 = 0, -3*y + 55724 = 294*n - 290*n. What is the thousands digit of n?
3
Let z = -60 - -32. Let f = -24 - z. Suppose -2*q + 12 = 3*u, -2*u + f*u = -2*q + 12. What is the units digit of q?
6
Let w = -920 - -937. Suppose -4*r + 0*r = -156. Let z = r - w. What is the tens digit of z?
2
Let d(p) = -676*p**2 - 14*p + 1. Let f(i) = -i**2 + 3. Let z(r) = -d(r) - 4*f(r). What is the tens digit of z(1)?
8
Suppose 4*w - 29483 = -5*h, h + 10*w - 15*w = 5914. What is the thousands digit of h?
5
Suppose 7579*b = 7578*b + 4701. What is the units digit of b?
1
Let j(s) be the first derivative of 14*s**2 + 12 - 51*s - 1/3*s**3. What is the tens digit of j(25)?
2
Let p = 963 - 972. What is the tens digit of 487008/256 + 2/(48/p)?
0
Let h(c) = c**2 